e factors of z.
2, 3, 883
What are the prime factors of (-903)/(-126) + (-2)/12 - -5703?
2, 5, 571
Suppose 472*i = 514*i - 948066. What are the prime factors of i?
22573
Let c(h) = 24 + h**2 + 18*h - 49 + 24. Let v be c(-18). List the prime factors of (v - -135)/(2 - 0).
67
Let w(q) = -13*q + 223. Let j be w(17). Suppose -5*x + 800 = -j*f, -3*f = -8*f - 25. List the prime factors of x.
2, 79
Let j(h) = h**3 + 10*h**2 - 15. Let l be j(-6). Let z = 34 + -9. Let b = l - z. List the prime factors of b.
2, 13
Let j(y) = -2*y**3 + 138*y**2 - 77*y - 54. What are the prime factors of j(68)?
2, 1979
Suppose -74*i + 90*i = 48. Suppose -11*r + i*r = -11320. List the prime factors of r.
5, 283
Suppose -4*u - 7 = -11. Let t be (1 + -4)/3 - u*-6. Suppose -534 = -t*v + b - 0*b, -16 = 4*b. What are the prime factors of v?
2, 53
Suppose 36*c - 983 = 3625. Suppose k + 0*k - 228 = -2*u, 0 = -5*u + 10. Let n = k - c. List the prime factors of n.
2, 3
Let p be -23*(-5 - (-8)/2). Suppose 12*w - 37 = p. Suppose w*d = 18*d - 2392. List the prime factors of d.
2, 23
Suppose -12*t = 61*t + 21*t - 3960502. List the prime factors of t.
7, 13, 463
Let y = -183 + 211. Suppose 1538 = -y*t + 10694. List the prime factors of t.
3, 109
Suppose -3*s - 7 = -13. Suppose 4*w = s*b + 1104, -4*b = 2*w + w - 828. What are the prime factors of w?
2, 3, 23
Let z be 24/20*5/2. Let i(j) = j**2 + 4. Let f be i(7). Let o = f + z. List the prime factors of o.
2, 7
Let t = -4281 + 4481. Let f = -22 - -16. List the prime factors of (-4)/(-6) - t/f - -3.
37
Suppose -75*j + 72*j = 6*z - 26370, -j = 0. List the prime factors of z.
3, 5, 293
Suppose 1155 = -2*p - 625. Let n = p + 1250. List the prime factors of n.
2, 3, 5
Let q(t) = -t**3 - 7*t**2 - 4*t + 15. Let v be q(-7). Suppose 2*n = 0, -3*i + v = 2*n - 11. Let m = i - -28. What are the prime factors of m?
2, 23
Let w(r) = -974*r + 67. List the prime factors of w(-3).
7, 61
Let h = -465 + 456. List the prime factors of h + 462/49 - 5618/(-7).
11, 73
Let h = -891 + 792. List the prime factors of (1735/(-3))/(33/h).
5, 347
Let x be 7 + (-15 - -14)/((-2)/(-10)). Suppose 0 = x*z + z - 9, -5*j + 1813 = z. List the prime factors of j.
2, 181
Suppose -25 + 397 = -3*h. List the prime factors of (h/(-5))/((-7)/(-70)).
2, 31
Suppose -2*y + 318 = -0*y. Suppose -4*z = -0*r + r + 67, -314 = 5*r - z. Let f = y + r. What are the prime factors of f?
2, 3
Let o(s) = 3*s + 25. Let a be o(-7). Suppose 76 = -a*l + x, 3*l - 5*x = -53 - 21. Let w(q) = -q**3 - 19*q**2 - 19*q + 3. List the prime factors of w(l).
3, 7
Suppose -10 = -3*u - 157. Let r = u - -59. What are the prime factors of 3 - r*4*144/(-60)?
3, 11
Suppose 4*m + 12 = -2*v, m + 3 + 22 = 5*v. Let t(c) = 13*c**3 + 2*c**2 - 6. Let z be t(v). Suppose 17*n + 8 - z = 0. What are the prime factors of n?
2, 5
Let g(c) = 3*c + 0*c**2 + 34*c**2 - 4 + 0 + 10*c. Let b be g(-6). Suppose 182 = -10*f + b. List the prime factors of f.
2, 3
Let y(f) = 14*f**2 + 2*f**3 + 3 - 6*f**2 - 19*f - 7*f. What are the prime factors of y(7)?
29, 31
Let x(a) = 117*a - 237. Let r be x(25). Suppose -r = -12*s + 5*s. What are the prime factors of s?
2, 3
Let k be 40*6/((-108)/1413). What are the prime factors of (k/(-30) + 1)*3?
317
Let d(r) = r**3 + r + 5. Let a be d(5). Let x(l) = 231*l + 2. Let m be x(1). Let w = m - a. What are the prime factors of w?
2, 7
Let t = 68520 + -35112. What are the prime factors of t?
2, 3, 29
Let h = 140 - 122. Let o(v) = 26*v - 33. List the prime factors of o(h).
3, 5, 29
Let c(r) = -r**3 + 4*r**2 + 21*r. Suppose 0 = -5*x + 45 - 10. Let w be c(x). Suppose -3*s + 3 = w, -213 = -p - 6*s + s. List the prime factors of p.
2, 13
Let t(k) = -3813*k + 4281. List the prime factors of t(-12).
3, 13, 1283
Let t = -46 + 48. Let u(v) = -17*v**3 - v**2 - 3*v + 2. Let m be u(t). Let j = -43 - m. List the prime factors of j.
101
Let l(j) = 133*j**2 + 6*j - 134. What are the prime factors of l(5)?
3221
Let f be 1/((-1)/1*2)*6. Let d(y) = -24*y**3 + 4*y**2 + 8*y + 6. List the prime factors of d(f).
2, 3, 37
Let w(k) = 45*k + 170. What are the prime factors of w(38)?
2, 5, 47
Suppose 2*p = -j + 50, 0 = 5*j + 3*p - 134 - 88. Suppose 16*g = -j*g + 66120. What are the prime factors of g?
2, 3, 5, 19
Let p = -106 + -52. Let r = -315 - -666. Let y = p + r. What are the prime factors of y?
193
Let s = 28 + -26. Suppose 25 = 3*m - s*t, 3*m - 2*t + 3*t = 28. Suppose -m*f + 11*f = 366. What are the prime factors of f?
3, 61
Suppose 2*d - 8 = j, 7*d - 8 = 9*d - 5*j. What are the prime factors of 458199/378 - 1/d?
2, 3, 101
Let m(b) = b**3 + 9*b**2 - 3*b + 3. Let p be m(-11). List the prime factors of 0 - 1 - (p + 3 - 4).
2, 103
Let m be -3*(((-880)/5)/4 - 3). Let a = m + -59. List the prime factors of a.
2, 41
Suppose 2*j - 5*j + 5*p + 484 = 0, 3*p - 886 = -5*j. What are the prime factors of j?
173
Suppose -119*c + 122*c + 3328 = h, 0 = h - c - 3318. What are the prime factors of h?
3313
List the prime factors of (1142232/520)/((-3)/(-10)).
2, 7, 523
Let z = 21 - 18. Suppose -5*o + 650 = 5*u, z*u + 342 = 3*o - 42. List the prime factors of o.
3, 43
Suppose -5*d + 32 = -3*d. Suppose h = 16 - d. Suppose -2*l - 8 = 0, 3*p - 3*l = -h*l + 30. What are the prime factors of p?
2, 3
Let m(y) = 9*y**2 - 74*y + 2621. What are the prime factors of m(29)?
2, 2011
Let i(o) = 2*o + 4. Let b be i(4). Let z(u) be the third derivative of -u**5/60 + 13*u**4/24 + 17*u**3/3 - u**2 + 16*u. List the prime factors of z(b).
2, 23
Let x be 1006*-1*((-117)/(-18))/(-13). Let z = -209 + x. List the prime factors of z.
2, 3, 7
Let c(h) = -13*h + 222. Let s be c(16). List the prime factors of (-7227)/165*(-1 - s).
3, 73
Let o(b) = -b**2 + 6*b + 9. Let s be o(5). Let x(y) = -2*y + 35. Let k be x(s). What are the prime factors of k + -8 + 525/(9/3)?
2, 3, 29
Let r(t) = t - 7. Let k be r(13). Suppose 4*l + 5*g + k = -2, -5*l = -5*g - 35. Suppose -l*i - 1 = 5, -i = 4*n - 230. List the prime factors of n.
2, 29
Suppose 3*y - 342 = -3*p + 8*p, -116 = -y + p. Let g = y - 59. What are the prime factors of 16/(-12)*g/(-8)?
2, 5
Suppose -13440 = 82*i - 92*i. Let o = i - -301. List the prime factors of o.
5, 7, 47
Suppose -2*n - 16441 = -5*n + 2*z, -10964 = -2*n + 3*z. List the prime factors of n.
5479
Suppose -y = f - 2220, -3 = 2*y - 3*y. List the prime factors of f.
3, 739
Suppose -m + 58117 = 3*k, -2*k + 2*m = -6*k + 77494. What are the prime factors of k?
2, 5, 13, 149
Let i(t) = -2*t**3 + 353*t**2 - 900*t - 80. What are the prime factors of i(173)?
31, 1733
Suppose -3*a + 47859 = -87*d + 92*d, 3*a - d = 47841. What are the prime factors of a?
2, 3, 443
Let h(a) = 2*a**2 - 2*a + 15. Let t be h(-10). Let f(g) = -16*g**3 - 4*g**2 - 4*g - 7. Let u be f(-3). Suppose u = 4*d - t. List the prime factors of d.
3, 53
Let r be (16 - 15)*67*-1. Let a = -32 - r. Let o = a + -13. List the prime factors of o.
2, 11
Suppose -2*f - 7*t = -5*t - 2432, -4888 = -4*f + 2*t. Let x = -670 + f. What are the prime factors of x?
2, 5, 11
Let q(g) = 10*g**3 - g**2 + 2*g - 1. Let p be q(1). Suppose 3*u = z + 2, -3*z + 12 = -2*u - p. Suppose 284 + z = 3*j. List the prime factors of j.
2, 7
Let j = -3424 - -31057. List the prime factors of j.
3, 61, 151
Let o be 8/14 - (1 + (-262)/7). Suppose -93*r + o*r = -14728. What are the prime factors of r?
263
Suppose 843 + 737 = v. Suppose 5*x + v = 5*t, 7*x - 6*x = -5*t + 1604. List the prime factors of t.
2, 5
What are the prime factors of (9009/154)/(203/(-306) + 8/12)?
3, 13, 17
Suppose 7*x = -62 + 90. Suppose b + 0*b - 2*v - 945 = 0, x*b = -4*v + 3756. List the prime factors of b.
941
Let f(g) = g**3 - 7*g**2 - 8*g - 15. Let t be 5 + 0 - (-5)/1. What are the prime factors of f(t)?
5, 41
Let o = -3 - 85. Let h = 12 - o. Let u = h + 131. What are the prime factors of u?
3, 7, 11
Let v be -4 + -3738 + -1 + -2. Let t = v - -5516. What are the prime factors of t?
7, 11, 23
Suppose 0*c + 26003 = 6*c + 863. List the prime factors of c.
2, 5, 419
Suppose 4*n - 6 = 2*n - 4*b, 4*n = b + 3. Let g(x) = 20*x + 237. Let c be g(-14). Let h = n - c. List the prime factors of h.
2, 11
Suppose 2*u - 114 = 4*v, -5*v + 43 = 4*u - 237. Let d(a) = -u*a + 2 + 54*a + 7 + 42 + 5*a**2. List the prime factors of d(8).
283
Let j be 3/1 - 523 - (32 + -30). Let s = 701